= -q*z. Does 12 divide z?
True
Let s be (-8)/(-28) + (-1)/((-28)/23428). Let y = s - 570. Is 12 a factor of y?
False
Let o(n) = -n**2 - n + 16. Let j be o(0). Is ((-4)/j)/(2/(-88)) a multiple of 5?
False
Let q(m) = 25*m**3 + 4*m**2. Let c(l) = -25*l**3 - 5*l**2. Let p(j) = -5*c(j) - 6*q(j). Let v be p(1). Let t = v + 47. Is 11 a factor of t?
False
Does 58 divide (14 - 16)/((-3)/1944)?
False
Let p = -6 + -19. Let u = p + 52. Suppose -3*r + 0*r = -u. Is 3 a factor of r?
True
Suppose -7*q + 4*q + 156 = 0. Let r = 28 + q. Is 40 a factor of r?
True
Suppose b + 5*m - 11 = -34, m = -3*b + 1. Is b/(-3)*2295/(-18) a multiple of 14?
False
Suppose a - 3*t - 2*t = 24, -a = -4*t - 20. Let x = 7 - 4. Suppose n = -a*q + 104, -3*n + 78 = x*q + n. Is q a multiple of 7?
False
Let q(l) = l + 18. Let g be q(-15). Suppose 2*r + g*m - 85 = 0, -46 = -r + 5*m + 3. Does 6 divide r?
False
Let i(o) = -43*o**3 - 2*o**2 + 3*o + 4. Let q be i(-1). Let u = q + 48. Is 9 a factor of u?
True
Let h(v) = -v**2 - 19*v + 39. Let z be h(-21). Let n = 24 - 15. Is 27 a factor of z/n + 592/12?
False
Let u = 870 + -546. Is 25 a factor of u?
False
Suppose -2195 = -9*x - 449. Let p = x - -40. Is 18 a factor of p?
True
Suppose 5*t + 2*d + 81 = -0*d, 4*d - 8 = 0. Let x = 169 + t. Is 28 a factor of x?
False
Let s(k) = -173*k + 169. Is s(-5) a multiple of 4?
False
Let u be 25 + (-8 - (4 - 8)). Does 53 divide 3068/u - 4/42?
False
Let q(g) = g**3 - 2*g**2 + 2*g + 2. Let n = -81 + 84. Does 6 divide q(n)?
False
Let a(g) = -5*g - 39. Let f be a(-10). Is 6 - 553/(-77) - 2/f even?
False
Let f be ((1 - 1) + -74)/((-2)/(-3)). Let p = 141 + f. Does 10 divide p?
True
Suppose 0 = -21*w + 416 + 466. Does 3 divide w?
True
Let l(x) = 4*x**2 - 13*x + 15. Let p(k) = 3*k**2 - 14*k + 14. Let r(u) = -2*l(u) + 3*p(u). Is 17 a factor of r(18)?
False
Is 0/(-6) - (-96)/(-4)*-132 a multiple of 33?
True
Suppose 4*t = 4*d + 5136, 0 = 3*d - 7*d - 4. Is t a multiple of 12?
False
Let j(d) = d - 1 + d - 8*d. Does 6 divide j(-5)?
False
Let b(f) = f**3 + 13*f**2 + 5*f - 25. Does 18 divide b(-7)?
True
Suppose -1852 = -4*m + 4*z, -1855 = -4*m - 7*z + 12*z. Does 10 divide m?
True
Suppose 2*c = -5*n + 1980, -n - n - 4*c = -792. Does 44 divide n?
True
Suppose 5*h + 2*t = 1425, -19*h - 1140 = -23*h - 5*t. Does 15 divide h?
True
Let l = 333 + -245. Does 22 divide l?
True
Let m be 9 - (0 - (-12)/3). Suppose m*y - 1655 + 355 = 0. Suppose 0 = 14*p - 19*p + y. Is p a multiple of 9?
False
Let h be (20/16)/(-5)*-20. Suppose -h - 3 = -i. Does 2 divide i?
True
Let n be 72015/40 - 6/16. Suppose 13*u = 5*u + n. Does 15 divide u?
True
Is (-37)/(133/(-114) + 1/6) even?
False
Let u(b) = b**2 + 12*b - 13. Let l be u(-13). Suppose 3*w + 2*w - 120 = l. Let h = 33 + w. Is 23 a factor of h?
False
Suppose 4*z = 170 + 850. Is z a multiple of 15?
True
Suppose 3*u + 599 = 5*r, -5*r - 18*u + 603 = -19*u. Is r a multiple of 7?
False
Let c be -3 - -47 - (1 - 1). Is (-6)/(-8) + 2475/c a multiple of 7?
False
Let x be ((-45)/10)/(-9) - 346/(-4). Let g = 131 - x. Does 22 divide g?
True
Suppose 3*a = -4*g - 686 + 4609, -3*g = 3. Does 11 divide a?
True
Let g = -1488 - -1572. Is g a multiple of 14?
True
Suppose -4*q - g = -2*q - 431, -3*g + 437 = 2*q. Is 28 a factor of q?
False
Let j be (42/(-1))/(3/(-2)). Suppose -236 = j*w - 30*w. Is 59 a factor of w?
True
Suppose -u = 5*u - 18. Suppose u*a - 540 = -a. Is a a multiple of 9?
True
Let n = 497 - -10. Does 37 divide n?
False
Let r(f) = 5*f - 2. Let n be r(1). Suppose -n*m - l = 7, 0 = -3*m - 0*m - 2*l - 11. Does 9 divide (2 + m)/((-1)/(-24))?
False
Let z = -149 - -94. Let i = z + 156. Is i a multiple of 9?
False
Suppose 9*u = 5*u + 176. Does 14 divide (u/6)/(6/81)?
False
Let j(g) = 3*g**3 + 2*g**2 + g - 102. Let q(a) = 10*a**3 + 7*a**2 + 3*a - 307. Let n(o) = -7*j(o) + 2*q(o). Does 25 divide n(0)?
True
Let n = 38 + 312. Suppose 0 = -5*t - 3*a + n, 4 = -a - 1. Let k = -42 + t. Does 10 divide k?
False
Suppose -2*v = -9*v + 28. Let x(f) = -f**2 + 5*f + 8. Let h be x(8). Does 13 divide (v/2)/((-1)/h)?
False
Let i(r) = 2*r - 3. Suppose 4 = 3*v - 2*v. Let u be i(v). Suppose 0 = -u*g + 12 + 18. Is 3 a factor of g?
True
Suppose 0 = -2*k + 5*x + 27, -x - 3 = k + 2*x. Suppose 5*b = -c - 10, -3*b = k*c - 5*c + 2. Is c a multiple of 5?
True
Does 14 divide 1350 + -1 + -6 + -7?
False
Let t(k) = k**3 - k - 2. Let u be t(2). Let w(j) = 3*j**2 - u + j**2 + 3*j - 2*j**2. Is w(4) a multiple of 20?
True
Suppose 0 = 6*b - 41 + 89. Let z(l) = 4*l**2 + 10*l - 8. Is 11 a factor of z(b)?
False
Let a be 528/112 + 2/7. Let w(o) = -o + 1. Let p be w(-6). Is (-3 - p)*(-3)/a a multiple of 6?
True
Suppose h = 4 + 103. Suppose 37 + h = 2*n. Is 18 a factor of n?
True
Let o = 72 + -67. Suppose 2*g - 3*g + q = -276, 1356 = o*g + q. Is 17 a factor of g?
True
Let f(o) = -17*o - 12. Let m be f(-5). Let i = -29 + m. Is 18 a factor of i?
False
Let b be (-1 - -13)*7/2. Let o = b + -26. Is o even?
True
Suppose 12*m - 1181 = 3355. Is m a multiple of 9?
True
Let f be (36/(-10))/((-21)/70). Suppose o - 81 = -f. Does 9 divide o?
False
Let z be 2*4/(-12)*-6. Suppose 3*p + 16 = z. Is 9 a factor of ((-9)/p)/((-2)/(-32))?
True
Let x be (-1)/(-3*(-4)/(-3516)). Let v = 605 - x. Is v a multiple of 13?
True
Let r = -297 + 1581. Does 10 divide r?
False
Let q(r) = -2*r**2 + 8*r - 4. Let o be q(3). Let w be -1 + -3 + o - -3. Is 19 a factor of ((2 - 1) + 56)*w?
True
Let q(g) = -2*g**2 + 6*g - 2. Let y be q(3). Is 28 a factor of 4/1 + (-3 - -53 - y)?
True
Suppose -6*a = -3*a + h + 59, -5*a = 3*h + 93. Let q be (-91)/a - 2/6. Let g(t) = 7*t - 4. Does 24 divide g(q)?
True
Let k(b) = 135*b - 720. Is k(19) a multiple of 45?
True
Suppose 3*v - 4*q = 9502, -5*v - q - 34 = -15909. Is (-1)/11*2 + v/33 a multiple of 59?
False
Let z(r) = 3*r**2 + 134*r - 112. Is 20 a factor of z(-54)?
True
Let r = -5 - -34. Let s = r + -65. Is 9 a factor of 127/3 + (-24)/s?
False
Suppose 3*x = 9 - 3. Suppose 2*z - 2*q = -8, -z - 2*q = -x*z - 7. Is -36*(-1)/(-2)*z a multiple of 8?
False
Suppose -4*g + 6 = -p, 0 = -p - 4*p - 3*g + 62. Let j = 16 + p. Suppose -j = -2*b + b. Does 13 divide b?
True
Let q(v) = 25*v - 2. Let g be q(1). Suppose -21*s = -g*s + 320. Is 20 a factor of s?
True
Let q(u) = -u**3 - 13*u**2 - 30*u + 29. Is q(-13) a multiple of 10?
False
Let l = 6 + -2. Suppose 0 = l*s - 459 - 13. Does 25 divide s?
False
Let c(h) = h**3 + 8*h**2 + 4*h - 5. Suppose -2*k - 18 = 4*i, 5*k = 2*k + 5*i - 16. Let n be c(k). Let o = 21 - n. Does 4 divide o?
False
Let y(w) = 2 + 2 + 1 - 11*w - 4. Let m be y(2). Is 219/7 - (-6)/m a multiple of 11?
False
Let w(z) = 17*z - 3. Let r be w(-1). Let p = -11 + r. Let c = 49 + p. Is 18 a factor of c?
True
Suppose 2*f = -6, 3*i + 2*i = -f - 33. Is 12/(-9) + (-722)/i a multiple of 15?
False
Suppose -4*g + 5*u = -49, -2*g - u + 25 = 3*g. Is 30 a factor of 2 - (g - 1) - (-123 - 0)?
True
Let x = -9 + 13. Suppose 0 = -2*a + 2*j + 22, -36 = -x*a - j + 18. Does 5 divide a?
False
Suppose 0 = -3*j - 66 - 165. Let h = 85 + j. Is 8 a factor of h?
True
Let f be 64/12*6/(-2). Let c = f + 11. Let l(o) = -o + 5. Is 5 a factor of l(c)?
True
Let o be 138*(5 + 42/(-9)). Suppose -4*p = -a + o, 0 - 3 = 3*p. Does 14 divide a?
True
Let i be -1 + 1 - 10/(-5). Let b be 6 + -4 + i + 0. Suppose -b*m = -130 + 38. Is 6 a factor of m?
False
Suppose -7*v + 3 = -2*v + g, -5*v + 3*g - 9 = 0. Let t be v + -1 + 13 + -3. Suppose -3*i = -t - 33. Does 5 divide i?
False
Suppose 0*m + 4*m = 2*d + 8, -m = -5*d - 2. Let t be -81 + -5 + d/2. Is 3*(-3)/6*t a multiple of 36?
False
Is 2/(-12)*(-468)/18*3 a multiple of 2?
False
Suppose -27 = 3*z + 48. Is ((-107)/5)/((-45)/z - 2) a multiple of 28?
False
Suppose -3*x + 5354 = -4*f - 1635, 4*x - 9356 = -4*f. Does 45 divide x?
False
Is 7 a factor of (-1)/(-3) - 3497/(-39)?
False
Does 7 divide 1996/26 - (-63)/273?
True
Let q(d) = 50*d - 418. Is q(22) a multiple of 31?
True
Let d(x) be the second derivative of x**4/3 + x**2 + x. Let b be d(-5). Let y = b + -57. Is 15 a factor of y?
True
Is (1 + 0)*(6 + 1301) a multiple of 53?
False
Let z(x) = 150*x - 24. Is 14 a factor of z(1)?
True
Suppose -4*t = -9*t + 25, -11 = f - 2*t. Let v be 1/(f + 522/519). Suppose 3*o - 2*j = 212, -7*j = 2*o - 2*j - v. Is 19 a factor of o?
False
Suppose -2*l - f + 251 = -393, -f = 0. Doe